 185064697 a composite number?
True
Is 4831346117 prime?
False
Is 470533883 composite?
False
Is 18311431 prime?
False
Is 17719858907 a composite number?
True
Is 31046950873 a composite number?
True
Is 247718923 a prime number?
False
Is 1166661761 composite?
True
Is 62492160217 composite?
False
Is 585944123 prime?
True
Is 9492344389 prime?
False
Is 11260996897 prime?
False
Is 873900107 a composite number?
True
Is 1541838617 a composite number?
True
Is 706264331 a composite number?
False
Is 3232382099 a prime number?
False
Is 1963212481 prime?
True
Is 8812691945 composite?
True
Is 74960630867 a prime number?
True
Is 8764888039 a composite number?
False
Is 10644845797 prime?
True
Is 506346154 a prime number?
False
Is 147863477089 a composite number?
True
Is 674820863 prime?
False
Is 1384638259 a prime number?
False
Is 4925921417 a composite number?
False
Is 45241162913 a prime number?
False
Is 2040441961 a prime number?
True
Is 869445779 a composite number?
False
Is 196301953 prime?
True
Is 2087661707 a prime number?
False
Is 1522981511 composite?
False
Is 3789500489 composite?
True
Is 2007721003 a prime number?
True
Is 606035831 prime?
True
Is 2477680573 a composite number?
True
Is 604109227 composite?
True
Is 3014772329 a composite number?
False
Is 3590446003 a composite number?
True
Is 3135449431 prime?
True
Is 6479043955 composite?
True
Is 12869042549 composite?
True
Is 1183754717 prime?
False
Is 593499547 prime?
False
Is 1548114013 a composite number?
False
Is 20664881129 prime?
True
Is 98305579 composite?
False
Is 10754105961 a prime number?
False
Is 18560783947 a composite number?
True
Is 333315091 a composite number?
False
Is 1374909713 composite?
True
Is 29447935141 a composite number?
False
Is 1949811887 a composite number?
True
Is 1119885749 a composite number?
False
Is 157509447 composite?
True
Is 3489626251 a composite number?
True
Is 446516329 a prime number?
False
Is 9780753163 composite?
True
Is 2476928453 a prime number?
True
Is 14261794681 a prime number?
True
Is 25524277607 a composite number?
False
Is 297718181 composite?
False
Is 119382718151 prime?
False
Is 219422953 a composite number?
False
Is 3490199897 a prime number?
False
Is 1343956703 prime?
True
Is 407755393 prime?
True
Is 1080165734053 a prime number?
False
Is 51219468649 prime?
True
Is 6143943479 a composite number?
False
Is 3060653683 prime?
True
Is 8952649379 a composite number?
True
Is 4469045987 a composite number?
True
Is 9014709601 a prime number?
False
Is 3915364597 prime?
True
Is 1956277501 composite?
True
Is 5431391759 prime?
False
Is 57831281 a composite number?
False
Is 2255269285 a prime number?
False
Is 9552907123 a prime number?
False
Is 2035357193 prime?
False
Is 22020954667 a composite number?
False
Is 3193660441 prime?
False
Is 3629946239 composite?
False
Is 2364705257 prime?
True
Is 581186917 composite?
False
Is 2092792099 prime?
True
Is 11458155509 a composite number?
False
Is 156059077 a composite number?
False
Is 2444090587 prime?
True
Is 987710531 a composite number?
False
Is 149716591 a composite number?
True
Is 954033583 composite?
True
Is 2517274393 a prime number?
True
Is 723806323 composite?
False
Is 20237404827 a composite number?
True
Is 450731321 prime?
False
Is 12274383007 prime?
False
Is 98993861 a prime number?
False
Is 9912173009 a prime number?
True
Is 44916942991 a composite number?
False
Is 3006134627 composite?
True
Is 851100403 composite?
False
Is 2140526473 composite?
False
Is 51461541371 a composite number?
True
Is 569118034 prime?
False
Is 651846431 a prime number?
False
Is 865642549 a composite number?
True
Is 460613977 prime?
False
Is 971077957 a prime number?
True
Is 12170771 a prime number?
True
Is 38484375241 a prime number?
False
Is 526431623 prime?
False
Is 61168689719 prime?
True
Is 3282338237 a prime number?
False
Is 861434309 composite?
False
Is 19670800397 a composite number?
False
Is 25671555407 prime?
True
Is 23666221913 prime?
False
Is 15230118769 composite?
False
Is 1224408803 a prime number?
False
Is 2189593247 prime?
True
Is 43328712671 a prime number?
True
Is 134283239 composite?
False
Is 46115347 prime?
True
Is 21956395889 prime?
False
Is 19086025157 a composite number?
False
Is 191589869 a prime number?
False
Is 306754949 composite?
False
Is 9177405557 a composite number?
False
Is 16499856853 a prime number?
False
Is 591542407 composite?
False
Is 18021143713 prime?
True
Is 12679606769 a prime number?
False
Is 877836653 composite?
True
Is 8768883391 composite?
False
Is 168179798723 prime?
False
Is 1684759681 a composite number?
True
Is 885542153 composite?
True
Is 5872415631 composite?
True
Is 1782686747 prime?
False
Is 78669781 prime?
True
Is 1019724439 a prime number?
True
Is 1116478939 prime?
True
Is 705326521 a composite number?
False
Is 1858594583 a prime number?
True
Is 3753884641 a composite number?
True
Is 691365583 a prime number?
True
Is 210516809 a prime number?
True
Is 126737953 composite?
False
Is 523198486 composite?
True
Is 21004628531 prime?
False
Is 43279393 a composite number?
False
Is 1919433473 a prime number?
False
Is 2689241039 composite?
True
Is 1291822589 a composite number?
True
Is 224305004111 a composite number?
False
Is 6232625591 prime?
False
Is 2935643357 a composite number?
False
Is 20929741517 prime?
False
Is 23504762147 prime?
False
Is 61320031 prime?
False
Is 4891030741 a prime number?
True
Is 145428541 a composite number?
False
Is 9930549869 prime?
True
Is 148889719843 prime?
False
Is 1236717371 composite?
True
Is 2159965697 a composite number?
True
Is 4237343017 a composite number?
False
Is 27818183843 a prime number?
False
Is 2311228433 composite?
True
Is 269215549 prime?
False
Is 242100905 prime?
False
Is 1435090889 composite?
True
Is 758166229 a prime number?
True
Is 3631612579 prime?
False
Is 6668154479 composite?
True
Is 1155649307 prime?
False
Is 1056060113 prime?
False
Is 11539898891 a composite number?
False
Is 19640780381 a composite number?
True
Is 20425763 prime?
False
Is 1096206583 composite?
True
Is 718577537 a composite number?
False
Is 4158315599 composite?
False
Is 4813271422 a composite number?
True
Is 163865990383 a composite number?
False
Is 2866217729 a composite number?
False
Is 100641318967 composite?
True
Is 222450073 composite?
False
Is 14887124029 a prime number?
False
Is 2066974058 a composite number?
True
Is 9584811233 composite?
True
Is 163555751 a composite number?
True
Is 790259753 composite?
True
Is 167425022537 a composite number?
False
Is 15574249029 a prime number?
False
Is 600994337 a prime number?
True
Is 639216367 a composite number?
False
Is 119725344839 prime?
False
Is 4595067707 a prime number?
False
Is 660509809 a prime number?
True
Is 207900481 a composite number?
False
Is 288774511 a composite number?
True
Is 25336295761 prime?
False
Is 45632401 a composite number?
True
Is 44229075673 prime?
True
Is 133115922223 prime?
True
Is 4158553261 a composite number?
False
Is 149041003 composite?
True
Is 327173377 a composite number?
False
Is 11042170159 a composite number?
True
Is 2022424819 a composite number?
False
Is 1840202407 a composite number?
False
Is 17147910389 a composite number?
True
Is 212552341255 composite?
True
Is 60985713413 a prime number?
True
Is 4270683629 a composite number?
False
Is 4548319691 a prime number?
False
Is 1393571573 composite?
True
Is 17820620113 a prime number?
True
Is 592563167 a composite number?
True
Is 430247131 a composite number?
True
Is 1164274351 prime?
True
Is 371928593 a composite number?
False
Is 26029706389 a composite number?
True
Is 499073381 a composite number?
False
Is 22576278503 prime?
True
Is 34800226679 a prime number?
False
Is 65845693 a composite number?
True
Is 891000373 composite?
True
Is 667940671 a composite number?
False
Is 168309651007 a prime number?
True
Is 6903786347 prime?
True
Is 215549447 a composite number?
True
Is 245765657 a prime number?
True
Is 22843657565 a composite number?
True
Is 5185433159 prime?
True
Is 95311886171 prime?
True
Is 30835448647 a prime number?
True
Is 474379 a composite number?
False
Is 4466580017 a prime number?
False
Is 643832311 a composite number?
False
Is 1360335503 a composite number?
True
Is 4438536037 a composite number?
True
Is 7